2761 - -2759. Calculate r(w).
-110
Let d(h) = h + 3. Suppose -4*z + 143 = -5*q, 5*z + 10 = 3*q + 205. Suppose 52*c + z = 46*c. What is d(c)?
-4
Suppose 4*g - 28 = 4*d, 25*g = 9*d + 21*g + 58. Let a(s) = -8*s - 10. Let z(q) = q + 1. Let p(r) = a(r) + 4*z(r). Determine p(d).
18
Let i(x) = -x**2 - 4*x + 4. Let b be i(-5). Let k(u) = 298*u + u**2 + u**3 + 0*u**3 - 124*u - 173*u. Give k(b).
-1
Let j(p) = 9*p - 79. Suppose 0 = -10*f - 32*f + 28 + 224. Determine j(f).
-25
Let k(m) = -2*m**3 - 4*m**2 - 1. Let z(r) = 21*r**3 + 49*r**2 + 4. Let o(i) = 10*k(i) + z(i). Let n(q) = 2*q**3 + 3*q**2 + 4*q + 3. Let p be n(-2). Give o(p).
-6
Let n(j) = j**3 - 9*j**2 - 11*j + 12. Let t = 317 + -259. Suppose 5*q + 8 = t. Calculate n(q).
2
Let w(t) = 2*t**2 - 2*t - 2. Let d(x) = -100*x**3 - 5*x**2 + 5*x + 5. Let v(l) = -d(l) - 3*w(l). What is v(1)?
101
Let x(s) = -4 - s**3 + 11*s**2 - 20 + 9 + 79*s - 91*s. Determine x(6).
93
Suppose -9 + 919 = 5*m. Let o be m/(-21) - (-5)/3. Let h(f) = -f**3 - 7*f**2 - 6. Give h(o).
-6
Let z be 2 + 12/(-4) + 4. Let s(x) = 6 - 193*x**z + 8*x - 5*x + 192*x**3 - 5*x**2. Determine s(-5).
-9
Let b = -641 - -647. Let d be b + (0 - (0 + -1)). Let m(a) be the third derivative of -a**5/60 + 7*a**4/24 + 2*a**2. Calculate m(d).
0
Let v(i) = -i**3 - 97*i**2 - 205*i - 1383. Let p be v(-95). Let b(s) = 18*s - 755. Calculate b(p).
1
Suppose 0*r = t + 3*r + 7, 5*t - 7 = -r. Let f(a) = -464*a + 457*a - a**t + 0*a**2 - 2. Give f(-6).
4
Let p(w) = 18*w - 170. Let x be p(10). Let r(m) = 5*m - 17*m**2 - x + 16 + 18*m**2. Determine r(-4).
2
Let y(r) = -2*r + 23. Let w = -4692 + 4682. Give y(w).
43
Let b(o) be the third derivative of o**7/504 + o**6/240 - 59*o**5/60 - 96*o**2. Let z(a) be the third derivative of b(a). Calculate z(-2).
-17
Suppose 16 = 3*h - 4*p, -4*p + 9 + 23 = h. Let t be ((-315)/h)/(-7) - 1/(-4). Let q(f) = 3*f - 7. Determine q(t).
5
Let p be 4/((-80)/(-28)) - (-3)/5. Suppose -o + a = 13, -p*o + a - 5 = 6*a. Let d be (-2 + o)/(-2*1). Let h(z) = z. Determine h(d).
6
Let s(d) = -d**3 - 5*d**2 + d + 12. Suppose 42*b + 3*b = -8*b - 265. Calculate s(b).
7
Let d(b) = -2*b + 4. Let w(n) = -7*n**2 + 36*n - 2. Let v be w(5). Let t be -1*(v - -1) + -2. Calculate d(t).
16
Let z(m) = -m - 2. Let w = -265 - -346. Suppose -15 = -11*u - w. Give z(u).
4
Suppose -3*d - c + 23 = 0, 0 = -3*d - 2*c - 20 + 48. Let g(q) = 8*q - 42. Determine g(d).
6
Suppose 4*i = -22*i - 104. Let h(m) = 2*m - 13. Let u(q) = -3*q + 26. Let j(l) = i*u(l) - 7*h(l). Give j(-11).
9
Let t(p) = 6*p - 9 - 2*p - 3*p. Let n be (-1)/(-1)*(0 + -7). Give t(n).
-16
Let a(u) be the second derivative of -4*u + 12 - 11/2*u**2 - 2/3*u**3. Give a(-4).
5
Suppose 6*m = 2*m + 8. Let f be (-1)/1*(-2 + 1). Let c(d) = -f - 3*d**2 + 0 - d + d + d. Determine c(m).
-11
Let r(k) = -10*k - 5. Let t(f) = f**3 + 3*f**2 - 27*f - 91. Let j be t(-4). Determine r(j).
-15
Let r(y) be the second derivative of -y**5/20 + 7*y**4/12 + y**3 + 2*y. Let t = 99 + -95. Suppose 17 = 4*z + 3*l, -t*l + 23 - 83 = -5*z. Calculate r(z).
-16
Let t(i) = 3*i**2 - 56*i + 87. Let w be t(17). Let a(n) = -n + 2. What is a(w)?
0
Let y(j) = 4*j**3 + 5*j**2 + 2*j - 2. Let k be y(-3). Let p = -68 - k. Let b(c) = -p*c + 29*c**2 - c + 3 + 3*c - 27*c**2. What is b(-3)?
24
Let s(h) = -h**2 - 4*h - 7. Suppose -5*p + 457 = -4*j, -p + 101 = 2*j + 2*j. Let c = -58 + p. Suppose -40*g - 25 = -c*g. Determine s(g).
-12
Let p be (-247)/(-65) + 270/225. Let b(y) be the first derivative of -y**2 + 4*y - 5. Determine b(p).
-6
Suppose 164*v = -202*v + 366. Let b(p) = 19*p + 5. Calculate b(v).
24
Let r = 3809 + -3794. Let h(k) = -k**2 + 16*k + 14. What is h(r)?
29
Let x(h) = -147*h - 74. Let t(v) = 108*v + 74. Let k(m) = 4*t(m) + 3*x(m). Calculate k(8).
2
Let u(k) = -15*k**2 + 143*k + 8. Let s(g) = -2*g**2 + 21*g + 1. Let w(o) = 7*s(o) - u(o). Let v be (-2)/(-3)*(-15 + 0). Let x = -14 - v. What is w(x)?
-1
Let b(y) be the third derivative of -y**5/60 + 3*y**4/8 + y**3/3 + 65*y**2. Let r be (-3)/((-2)/(-6)*(-3)/3). Determine b(r).
2
Let b(w) = -2*w - 7. Suppose 7*r - 4*s + 20 = 11*r, -2*s = 3*r - 19. Determine b(r).
-25
Let b be (-1)/3 + (-8)/96*32. Let i(x) = -9*x**2 - 25*x + 1. Give i(b).
-5
Let n(m) = 7*m**2 + 4*m + 3. Let b be n(-1). Suppose 3*k - 2*t = b*k - 19, -k = -5*t - 12. Let p(r) = -r**3 + 6*r**2 + 7*r - 1. What is p(k)?
-1
Let p(w) = 33*w - 494. Let f be p(14). Let z(b) = 6*b + 204. Determine z(f).
12
Let i(a) be the first derivative of -a**3/3 - a**2 + 3*a + 94. Let f(t) = -5*t**2 - 14*t + 16. Let p(m) = f(m) - 6*i(m). Determine p(4).
6
Let c(t) = t**2 + 14*t - 65. Let q be 6/4*-18 + 7. Calculate c(q).
55
Let k(z) be the third derivative of -z**6/40 - z**5/15 - 7*z**4/24 - 7*z**3/6 - 9763*z**2. Calculate k(-4).
149
Let z(g) = -168*g**2 - 2238*g + g**3 + 2 + 166*g**2 + 2238*g. Suppose -f = f - 4. Give z(f).
2
Let c(g) = 15*g**3 - 2*g**2 + 9*g - 45. Let o(n) = -14*n**3 + 2*n**2 - 8*n + 39. Let d(m) = -6*c(m) - 7*o(m). What is d(1)?
5
Let z(f) be the third derivative of -f**5/60 + 7*f**3/3 - 4*f**2. Suppose -4 - 2 = 96*c - 6. Calculate z(c).
14
Let d(s) = -13*s**3 - 25*s**2 - 33*s - 16. Let q(i) = 3*i**3 + 5*i**2 + 8*i + 4. Let y(z) = -2*d(z) - 9*q(z). Determine y(3).
-4
Suppose 20*s + 6 = 22*s. Suppose s + 2 = 5*j, -3*d = -5*j - 76. Let a be 18/d*9/(-2). Let h(b) = b**2 - b. What is h(a)?
12
Let c(v) be the first derivative of 2777*v**4/4 + v**3/3 - v**2 - 40. Let a be c(1). Let s(r) = -a - r - 2*r**2 + 2776. Give s(-1).
-1
Let w(a) = -a**3 - 5*a**2 + 3*a. Let s = 13 + -8. Suppose -s*t - 25 = -5*l, -20 = 5*t - 4*l - 0. Suppose t = -4*r - 2*r - 30. Give w(r).
-15
Let z(p) be the third derivative of p**4/12 + 3*p**3/2 - 153911*p**2. Let w be 2/((1/3)/(-1)). What is z(w)?
-3
Let s(o) be the third derivative of o**6/24 - o**5/60 - 14*o**2. Let w be s(1). Suppose 7*d + w = -3. Let g(n) = 23*n**3 - n**2 - 2*n - 1. Give g(d).
-23
Suppose -3*r = -0 - 3. Let x(z) = -28*z**2 + 10*z + 3. Let w be 6/(((-9)/4)/((-39)/26)). Let a(o) = o**2 - 2*o - 1. Let q(t) = w*a(t) + x(t). Give q(r).
-23
Suppose -2*b = -r + 31, -30 = -5*r + 3*b + 76. Let o(u) = -2*u**2 + 34*u - 17. Determine o(r).
-17
Let u(g) = 16*g**3 - 12*g**2 + 32*g + 19. Let c(n) = 3*n**3 + 3*n. Let f(s) = 5*c(s) - u(s). Calculate f(10).
11
Let a be (-4)/24*-3*6. Suppose -5*x = 4*y - 299, 187 - 6 = 3*x + 2*y. Let f(r) = -30*r - r**2 + x*r - 29*r - 1. Give f(a).
2
Suppose 3*q = 555 + 420. Let a = 320 - q. Let t(m) be the second derivative of -m**5/20 - m**4/2 - 5*m**3/6 + 3*m**2 - 3*m. What is t(a)?
6
Let s be 7 + (14/(-7) - 3). Let c(z) = 5*z**2 + 13*z**3 - 3 - 14*z**3 + 2*z - z**s - 2*z**2. Calculate c(3).
-6
Let l(r) = 2 - 16 + 4*r + 15. Let x = 120 + -84. Let i = x + -39. Determine l(i).
-11
Let s(l) be the first derivative of -1/2*l**2 - 121 + 0*l. Suppose -5*j - 4*x - 18 = -10*j, -4*x = 2*j + 4. Give s(j).
-2
Suppose 0*q + 5*q + 3*y = 130, 5*q - 160 = 3*y. Let j(a) = 22 + q + 32 - 76 - 3*a. Suppose 4*z + 6*d - 8 = 2*d, 3*z = -4*d + 1. Determine j(z).
-14
Suppose 3*p - 46 + 7 = 0. Let d = -11 + p. Let z(i) = -10 + i**3 - 8*i + i**2 - i**2 + 6*i**d. Determine z(-7).
-3
Let o(g) = g**2 + 5*g - 4 - 2*g + 3*g. Suppose 3*q = -k + 345, -5*q - 5*k + 129 = -4*q. Suppose -5*j = q - 84. Give o(j).
-4
Let h(g) = g**2 + 4*g - 1. Let o = -6 + 3. Let c be h(o). Let z(k) = -20*k**2 + 19*k**2 - 55 - 4*k - 27 + 76. Determine z(c).
-6
Let i(g) = -55*g + 29. Let l be i(3). Let m = 131 + l. Let v(w) = w**2 + 5*w + 6. What is v(m)?
6
Let m(u) = 4*u**2 - 9*u + 14. Let d(i) = -i**2 + 2*i - 3. Let r(x) = 9*d(x) + 2*m(x). Let f(o) = -5*o**2 - o + 13. Let k(c) = -f(c) + 4*r(c). What is k(-4)?
3
Let t(v) = 11*v**2 - v + 4. Let n be ((-14)/(-4))/(3/6). Let p(u) = 17*u**2 - u + 6. Let f(h) = n*t(h) - 5*p(h). Give f(-2).
-30
Let q(r) be the third derivative of r**5/60 - 7*r**4/24 - r**3/2 - 71*r**2. Let v be (-4 + 0)*(-7)/4 + 0. Calculate q(v).
-3
Let u be ((-3)/(-5))/(3/(-15)). Let i(s) = -5 + 1287*s - s**2 - 1292*s + 8. Calculate i(u).
9
Let g be (-12)/90 - 5/(150/(-364)). Let y(u) = -4 - 33*u**2 - g*u + 56*u**2 - 24*u**2. Calculate y(-10).
16
Let m(j) = -j - 42. Let r(h) = 15*h + 11. Let k(c) = 5*m(c) - r(c). What is k(-11)?
-1
Let u(f) be the third derivative of 5*f**4/24 + 11*f**3 + 948*f**2. Determine u(-12).
6
